r when 306 is divided by 117?
72
Calculate the remainder when 551 is divided by 245.
61
What is the remainder when 1330 is divided by 121?
120
What is the remainder when 478 is divided by 15?
13
What is the remainder when 472 is divided by 34?
30
Calculate the remainder when 406 is divided by 70.
56
What is the remainder when 1816 is divided by 202?
200
What is the remainder when 1359 is divided by 431?
66
Calculate the remainder when 462 is divided by 50.
12
What is the remainder when 20666 is divided by 10?
6
Calculate the remainder when 142 is divided by 48.
46
What is the remainder when 79 is divided by 18?
7
What is the remainder when 21328 is divided by 79?
77
Calculate the remainder when 78 is divided by 43.
35
What is the remainder when 21 is divided by 9?
3
Calculate the remainder when 183 is divided by 68.
47
What is the remainder when 298 is divided by 30?
28
What is the remainder when 582 is divided by 2?
0
What is the remainder when 3588 is divided by 57?
54
What is the remainder when 274 is divided by 104?
66
What is the remainder when 1114 is divided by 62?
60
What is the remainder when 283 is divided by 55?
8
Calculate the remainder when 208 is divided by 53.
49
What is the remainder when 3540 is divided by 161?
159
What is the remainder when 146 is divided by 105?
41
What is the remainder when 2195 is divided by 11?
6
Calculate the remainder when 241 is divided by 55.
21
What is the remainder when 434 is divided by 16?
2
Calculate the remainder when 2457 is divided by 20.
17
What is the remainder when 347 is divided by 14?
11
What is the remainder when 170 is divided by 21?
2
Calculate the remainder when 41130 is divided by 20.
10
What is the remainder when 97 is divided by 17?
12
Calculate the remainder when 516 is divided by 20.
16
Calculate the remainder when 13155 is divided by 44.
43
What is the remainder when 1216 is divided by 154?
138
What is the remainder when 3841 is divided by 7?
5
What is the remainder when 420 is divided by 53?
49
What is the remainder when 898 is divided by 445?
8
What is the remainder when 6315 is divided by 27?
24
What is the remainder when 200 is divided by 193?
7
What is the remainder when 12726 is divided by 95?
91
What is the remainder when 155 is divided by 39?
38
What is the remainder when 51 is divided by 33?
18
Calculate the remainder when 865 is divided by 110.
95
What is the remainder when 3236 is divided by 807?
8
Calculate the remainder when 458 is divided by 11.
7
What is the remainder when 2301 is divided by 83?
60
Calculate the remainder when 9687 is divided by 17.
14
Calculate the remainder when 1771 is divided by 25.
21
Calculate the remainder when 296 is divided by 43.
38
Calculate the remainder when 206 is divided by 35.
31
Calculate the remainder when 240 is divided by 27.
24
What is the remainder when 40506 is divided by 13?
11
What is the remainder when 5301 is divided by 78?
75
Calculate the remainder when 228 is divided by 72.
12
What is the remainder when 13221 is divided by 232?
229
What is the remainder when 99 is divided by 50?
49
What is the remainder when 153 is divided by 92?
61
What is the remainder when 710 is divided by 14?
10
Calculate the remainder when 1872 is divided by 157.
145
What is the remainder when 2733 is divided by 57?
54
Calculate the remainder when 92 is divided by 33.
26
Calculate the remainder when 126 is divided by 96.
30
Calculate the remainder when 5129 is divided by 57.
56
What is the remainder when 2972 is divided by 41?
20
Calculate the remainder when 20 is divided by 19.
1
What is the remainder when 364 is divided by 214?
150
What is the remainder when 805 is divided by 208?
181
Calculate the remainder when 169 is divided by 63.
43
What is the remainder when 119 is divided by 74?
45
What is the remainder when 13026 is divided by 277?
7
What is the remainder when 1226 is divided by 302?
18
What is the remainder when 9233 is divided by 6?
5
What is the remainder when 1291 is divided by 38?
37
What is the remainder when 217 is divided by 20?
17
What is the remainder when 181 is divided by 30?
1
What is the remainder when 243 is divided by 49?
47
Calculate the remainder when 540 is divided by 139.
123
What is the remainder when 70 is divided by 25?
20
What is the remainder when 120 is divided by 36?
12
What is the remainder when 342 is divided by 26?
4
What is the remainder when 1559 is divided by 164?
83
What is the remainder when 421 is divided by 154?
113
What is the remainder when 850 is divided by 165?
25
What is the remainder when 83 is divided by 7?
6
Calculate the remainder when 20894 is divided by 20.
14
Calculate the remainder when 6716 is divided by 30.
26
What is the remainder when 9787 is divided by 204?
199
What is the remainder when 339 is divided by 20?
19
Calculate the remainder when 46 is divided by 32.
14
What is the remainder when 3356 is divided by 337?
323
What is the remainder when 227 is divided by 96?
35
What is the remainder when 896 is divided by 295?
11
Calculate the remainder when 734 is divided by 68.
54
Calculate the remainder when 92 is divided by 2.
0
What is the remainder when 283 is divided by 50?
33
What is the remainder when 6430 is divided by 134?
132
Calculate the remainder when 106 is divided by 37.
32
What is the remainder when 371 is divided by 17?
14
Calculate the remainder when 70 is divided by 27.
16
Calculate the remainder when 596 is divided by 13.
11
Calculate the remainder when 375 is divided by 63.
60
What is the remainder when 411 is divided by 43?
24
Calculate the remainder when 3761 is divided by 1879.
3
Calculate the remainder when 2030 is divided by 3.
2
Calculate the remainder when 1543 is divided by 3.
1
What is the remainder when 1790 is divided by 355?
15
Calculate the remainder when 3427 is divided by 70.
67
Calculate the remainder when 693 is divided by 343.
7
Calculate the remainder when 422 is divided by 53.
51
Calculate the remainder when 885 is divided by 294.
3
What is the remainder when 435 is divided by 65?
45
What is the remainder when 518 is divided by 58?
54
Calculate the remainder when 865 is divided by 73.
62
What is the remainder when 92 is divided by 21?
8
What is the remainder when 80 is divided by 44?
36
Calculate the remainder when 89 is divided by 9.
8
Calculate the remainder when 75 is divided by 66.
9
What is the remainder when 24202 is divided by 103?
100
Calculate the remainder when 7941 is divided by 22.
21
Calculate the remainder when 93 is divided by 83.
10
Calculate the remainder when 865 is divided by 124.
121
Calculate the remainder when 746 is divided by 73.
16
Calculate the remainder when 99 is divided by 10.
9
What is the remainder when 874 is divided by 287?
13
What is the remainder when 250 is divided by 36?
34
What is the remainder when 49 is divided by 38?
11
Calculate the remainder when 116 is divided by 25.
16
Calculate the remainder when 5123 is divided by 22.
19
Calculate the remainder when 225 is divided by 76.
73
What is the remainder when 822 is divided by 11?
8
What is the remainder when 1780 is divided by 15?
10
Calculate the remainder when 841 is divided by 58.
29
Calculate the remainder when 74 is divided by 55.
19
What is the remainder when 251 is divided by 63?
62
Calculate the remainder when 475 is divided by 31.
10
Calculate the remainder when 158 is divided by 31.
3
Calculate the remainder when 123 is divided by 15.
3
Calculate the remainder when 369 is divided by 72.
9
Calculate the remainder when 5276 is divided by 44.
40
Calculate the remainder when 959 is divided by 30.
29
What is the remainder when 171 is divided by 62?
47
Calculate the remainder when 476 is divided by 223.
30
Calculate the remainder when 1792 is divided by 895.
2
Calculate the remainder when 990 is divided by 136.
38
What is the remainder when 2945 is divided by 134?
131
Calculate the remainder when 48 is divided by 6.
0
Calculate the remainder when 161 is divided by 27.
26
Calculate the remainder when 544 is divided by 42.
40
What is the remainder when 3294 is divided by 100?
94
Calculate the remainder when 290 is divided by 14.
10
What is the remainder when 184 is divided by 104?
80
What is the remainder when 202 is divided by 41?
38
What is the remain